- (-13 - 0)).
-13
What is the value of 28 - 2 - (-21 - -40)?
7
Evaluate (1 - (-3 - (5 + -17 + 5))) + 5.
2
57 + -34 + -27 + -18 + 1
-21
(7 - -12 - 5) + 14 + -7 + 0
21
Calculate 9 - (3 + -5 + -8 + 5).
14
What is -1 - (7 - 2 - (-3 + -7 + 8))?
-8
41 - 20 - (13 + -20)
28
What is the value of -26 - -4 - (-37 - -12)?
3
What is the value of 23 - 18 - (0 - 0) - -8?
13
Evaluate 1 + -1 + -8 + (81 - 84).
-11
What is the value of (-31 - -15 - -34) + -13?
5
Evaluate (7 - 9) + (-4 - -1).
-5
Evaluate (-9 - 2) + (-84 - -107) - -13.
25
-2 + 1 + 2 + -33 + 17 + 12
-3
Calculate (2 - -13 - 9) + -9 - -5.
2
What is the value of -18 + 8 + 59 + -42?
7
What is -1 + 4 - (12 + -7 - -2) - 2?
-6
What is (3 + 0 - -3) + (-44 - -38)?
0
What is the value of 4 + (28 - (10 + 7))?
15
Calculate (-4 - -6) + ((3 - 6) + -3 - -4).
0
What is (-14 - (6 - 40)) + -15?
5
1 + 5 - (-3 - 3 - -21)
-9
Evaluate (4 - (0 - -9)) + 25 + (-2 - 5).
13
What is (4 - 23) + (2 + 5 + -1 - 1)?
-14
What is -8 + (3 - 5) - (4 + -10)?
-4
What is (-6 - (4 - 8)) + -6 - (-26 - -2)?
16
Calculate -46 + (-10 + (-18 - -60) - 17).
-31
What is the value of 1 + (-1 + -4 - (-4 + -5 + 9))?
-4
Calculate 0 - (11 + (-7 - -3)) - (-81 + 78).
-4
What is 3 - (1 + (-5 - -8) + -7)?
6
Calculate 5 + (0 - -6 - (-8 - -6 - -8)).
5
Calculate 0 + 11 - (-5 - (-2 - 0) - -3).
11
Calculate 6 + (14 - 25) + 12 - -15.
22
-8 + 7 - -15 - 7
7
(-2 + -1 - -8) + -6 + 11 + 6
16
Evaluate -7 + (-4 - (3 - 3)).
-11
What is the value of 18 + -31 + -10 - -30?
7
-9 - (-6 - (9 - 2 - -9))
13
What is -7 + (19 - -10) - (-7 - -11)?
18
What is the value of -30 + -2 + 56 + -26?
-2
Calculate -6 + -2 + (-2 - -16) + -1.
5
(-9 - (4 - (15 - 5))) + -10
-13
What is -1 + -21 + 39 + -6?
11
-14 + (5 - (-25 - -9))
7
What is the value of 5 - 7 - (10 + (-10 - -15))?
-17
Calculate (-12 + 18 - 12) + -1 + (4 - 1).
-4
Evaluate -6 + (-1 - -23) - (-5 + 9).
12
(21 + 1 - (-27 - -34)) + -9 + 6
12
Calculate -1 + -3 - (15 - 27 - -10).
-2
What is 1 + -9 + 1 + (20 - 0)?
13
What is 2 + -1 + (7 - (18 - 13)) + -14?
-11
-12 - ((11 - (27 + -13)) + 0 + 6)
-15
Calculate 12 + (29 - 13) + -32.
-4
Calculate 4 + 0 + (-28 + 23 - 17).
-18
What is -2 + -5 - (-2 + -16) - 5 - 7?
-1
-20 + (21 - 36 - -16)
-19
What is the value of 9 + (-6 + 3 - -2 - (33 + -29))?
4
What is the value of 5 + 21 + 3 + -4 + 12 + -12?
25
What is the value of -8 - (4 + 1 + 64 + -70 + -6)?
-1
What is 114 + -101 - (26 + (-1 - -2))?
-14
-22 - (-16 - -8 - 11)
-3
Calculate (-11 - (-21 - -7)) + -30.
-27
What is (-3 - (-3 - (-2 - 3))) + 97 + -86?
6
-35 - -57 - -19 - 14
27
Calculate (0 + 6 - -13) + -12 + (8 - 5).
10
Evaluate 20 - (-32 + -1 - -62).
-9
Calculate (-2 - -13) + (-20 - -7) + 10 - -2.
10
What is (-27 - -15) + 11 + 1?
0
Evaluate -4 + 5 + -3 + (1 - -3 - 2).
0
What is -13 - -8 - (-16 - -2)?
9
What is the value of (1 - -12) + 43 + -68?
-12
What is the value of (-8 - (7 + -7)) + 3 - (-24 + 2)?
17
Evaluate 0 - -4 - (5 - (3 + 4 - 0)).
6
What is the value of -5 + -1 + 49 + -93 + 49?
-1
Calculate 331 + -328 + -1 + -9.
-7
Evaluate (6 + -7 - -8) + -7 + (5 - 2).
3
What is the value of -9 - (2 + -4 + 1 + -6 + 6)?
-8
Calculate 21 + -47 - -19 - (1 + -19).
11
What is -21 + -1 + (-3 - -11) + 5?
-9
What is the value of 22 - 0 - (19 - 7) - -4?
14
Evaluate 56 + -3 - (-41 - -70).
24
Calculate 13 - (6 + 0 - -7).
0
What is -78 - -47 - (6 - 38)?
1
6 + -1 - (-410 + 385) - (1 - -9)
20
(3 - -9) + -5 + -21 + 0 - 1
-15
Calculate (-6 - 5) + (24 - (19 - 12)).
6
Calculate -8 - (2 + 0) - ((2 - 5) + 0).
-7
Calculate 34 + -64 + 36 + 0 + -7 + 3.
2
What is the value of -6 + (0 - 3) + (-26 - -27)?
-8
What is the value of 6 + (0 - -1 - (17 - (-18 - -37)))?
9
Calculate (33 - -1) + (-8 - (-11 - -18 - 7)).
26
Evaluate -9 + 30 + -19 + -22.
-20
444 - 439 - (1 + -1 + 25)
-20
Calculate (3 - 1 - (3 - -8)) + (-38 - -54).
7
-28 + 29 + 7 + -34
-26
50 + -41 + (-31 - (-1 + 0))
-21
Evaluate 1 - (-59 - -42 - (-10 + 2)).
10
What is the value of -1565 - -1579 - (18 - 0)?
-4
What is the value of -33 + 33 + 13 + (-1 - 30)?
-18
Evaluate -37 - -23 - (-7 + 12).
-19
What is 11 + (13 - (27 + 4))?
-7
Evaluate 0 + -2 - (-4 + (8 - (-9 + 4))).
-11
What is (3 - -7) + -15 + 9?
4
1 + (1 - -2) - (-178 + 184)
-2
What is 11 + 12 + -7 + -33?
-17
1 - (-16 - (0 - 6))
11
What is the value of 14 + 18 + -19 - 2?
11
What is 5 + -7 + (-13 - -13)?
-2
-16 - (-2 - 19) - 12 - (0 - 16)
9
What is the value of 4 + (0 - (-26 + 53))?
-23
What is the value of -21 + 1 - (10 - 18 - 0)?
-12
What is the value of 1 + (12 - 14 - -7 - (-6 + 10))?
2
What is (0 - 7) + 0 - 15 - -7?
-15
Calculate 8 - (6 + 29) - -42.
15
Evaluate 16 + (-25 - 9) + (-2 - 0 - -4).
-16
What is (-17 - -1) + 2 + -90 + 95?
-9
-43 + 52 - (2 - -2)
5
Evaluate 6 - ((-3 - (6 + -9)) + -4 + 2).
8
Evaluate 1064 - 1062 - (-1 + -24).
27
Calculate (-10 - -10 - 11) + (17 - (-4 - 0)).
10
What is -3 - -4 - ((1 - -9) + 13) - -8?
-14
2 - 2 - -6 - (110 + -107)
3
What is the value of -24 - (-15 + 20 + -24) - (-1 + -3)?
-1
Evaluate 2290 - 2307 - (-2 - -1 - 1).
-15
What is the value of (6 + -2 - 9) + -6 + 0 + -7?
-18
Evaluate 2 - (12 - (-9 + 8 + 8)).
-3
Evaluate 69 - (67 - -21 - 42).
23
What is the value of (-14 - 0) + -37 + 60 + 4?
13
What is the value of -8 + (23 - 2) - (15 - -1)?
-3
Calculate 0 + 5 + -33 + 2.
-26
(12 - 0 - 4) + -13 + 0 + -2
-7
What is 7 + (1 - -13) + -6?
15
(29 - 9) + -8 + -8 + -4
0
Calculate (3 - (-29 + 29)) + 18.
21
(-2 + 3 - -13) + -19
-5
-9 - (18 + -6 + -16)
-5
(1 + 0 - (-24 + (4 - -14))) + -15
-8
What is (-6 - ((-5 - 1) + 3)) + 5 + 2?
4
What is the value of 2 - (-1 + (1 - (-8 - -3)) + 0)?
-3
What is the value of 141 + -148 - (0 + 6) - -1?
-12
Evaluate (-15 + 15 - -5) + -12.
-7
What is 4 - 1 - (3 + -10 + -4 + 8)?
6
27 + (-14 - -4 - 10)
7
(36 - 13 - (-7 + 16)) + 0
14
Calculate 0 + 22 + (-2 + 11 - (-16 + 24)).
23
What is the value of 37 + -47 - 25 - -50?
15
What is the value of -17 + 1 + -37 + -28 + 68?
-13
-58 + 62 - (0 - -6) - (-13 - 0)
11
What is 8 + -7 + -4 - (4 + -1) - -2?
-4
What is 13 + (-24 - -16) + 0?
5
-5 + 11 + -1 + -6 + 7
6
Calculate 1 - (17 + -32) - 20.
-4
What is (0 - -3 - 2) + -40 + 65 + -1?
25
What is the value of 26 + -20 + 23 + -50?
-21
What is 6 + (-18 + 25 - (-1 + 10))?
4
Calculate (2 + -2 - -18) + (25 - 17) + -8.
18
Calculate -3 + 7 + -12 + 5.
-3
Calculate -1 - (6 - (5 + (3 - (4 + 0)))).
-3
Evaluate (-1 + 2 - -5) + 4 + -4.
6
What is the value of -4 + 18 - ((-5 - -16) + -7)?
10
Evaluate 155 + -159 - (6 - -2).
-12
-1 + 0 - (-43 + 39)
3
What is the value of (-39 - -25) + 18 + (-6 - 3)?
-5
What is the value of -4 + 5 - ((4 + 15 - 10) + 12)?
-20
-3 - 5 - (2 - 2) - (15 + -2)
-21
What is the value of (4 - (32 + -13)) + 35 + 0?
20
What is -16 + (-67 + 75 - (-3 - -4))?
-9
What is the value of 109 - 102 - (2 + -1 - 0)?
6
-8 + (-4 - (-9 - (-7 - -1))) + -4
-13
Calculate 5 + 1 + 6 + 8 + -19.
1
0 + -1 - (-25 + 9 + 2 + 0)
13
Calculate (10 - 1 - -9) + (-14 - -10).
14
Evaluate 9 + -14 - -2 - 6.
-9
What is the value of -2 - (15 - (18 + -11 + -2))?
-12
Calculate ((24 - 20) + -10 - 2) + 0 + 3.
-5
What is the value of 19 - ((29 - 12) + -17)?
19
What is 2 + (-2 + 9 + 6 + -7 - 3)?
5
Evaluate (0 + 3 + 3 - 8) + 0 + -2.
-4
What is the value of 32 + -71 - (-24 - -8)?
-23
Calculate (-17 - -2) + (-658 - -703).
30
-2 + -6 + -5 + 8 + 5 + 1
1
What is -2 + -4 - (0 + -6 + 7)?
-7
-14 + 13 + -13 + 28
14
What is 0 + (-4 - (10 - (-1 + 6)))?
-9
Evaluate (-24 + 6 - -11) + 7 - -19.
19
Evaluate 2 - (8 + (-2 - -1)).
-5
1 - (-9 - (-9 + 3 + 2))
6
Evaluate (5 - (3 + 15)) + -26 + 33 + 34.
28
What is -29 + (16 + -29 - -17)?
-25
What is the value of -5 + (1 - 6 - -18) - (-1 + 1)?
8
Calculate -21 - (11 - -4) - -43.
7
What is the value of 0 - (1 + -2 - -2 - (2 - -3))?
4
Calculate -10 + -4 + (-9 - -3).
-20
Calculate (18 - 1) + -6 - 9.
2
-3 + 22 + -2 + (-17 - -6)
6
What is the value of (-10 - -17) + 22 + -5 + -4?
20
17 - (2 + 44 - 17)
-12
What is -1 - 8 - (-63 + 24 - -17)?
13
Evaluate 6 + -4 - (33 + -39).
8
What is -4 + 12 + (2 + 1 + -3 - 6)?
2
Calculate (0 - (-1 + 1)) + (37 - (7 + 15)).
15
Evaluate -11 - (-22 + 9 + 6).
-4
What is (23 + -3 - 15) + -31?
-26
What is the value of 51 + (-76 - -27 - -28)?
30
What is the value of 0 + -1 + -1 + -19 + -3459 + 3448?
-32
What is the value of (-6 - 1 - (-10 - (2 + 2))) + -11?
-4
Calculate (269 - 277) + 1 + 4 + -16.
-19
What is -16 + (-3 - -12)